e a(-3). Let f = 47 - x. List the prime factors of f.
19
Suppose -j + 62 = -61. What are the prime factors of j?
3, 41
Suppose 12 + 6 = 2*s. Suppose 3*w - s = -0*w. What are the prime factors of w + 1 + (-2)/1?
2
Let z(j) = -j**2 + 4. Suppose -4*m = -4*g - 8, 4*g + 4 = 3*m - 4. What are the prime factors of z(m)?
2
Let a(b) = b + 2. Let m be a(10). Suppose -c = 3*w - 4*c - 18, -w + m = c. Let z(o) = -o**3 + 10*o**2 - 9*o + 4. What are the prime factors of z(w)?
2
Let h(w) = 9*w - 1. List the prime factors of h(7).
2, 31
Suppose 0 = -3*q - 5*q + 280. List the prime factors of q.
5, 7
Let k = -26 - -16. Let j = k + 4. What are the prime factors of 1/((-9)/j - 1)?
2
List the prime factors of (-328)/(-6) + (-1)/(-3).
5, 11
Suppose 3*z = z + 48. List the prime factors of (-6)/z + 74/8.
3
List the prime factors of (-1492)/(-6) + 10/3 + -3.
3, 83
Let p be 6/8*(0 - 8). What are the prime factors of 18/(-4)*16/p?
2, 3
Let g = -131 - -230. Suppose 0 = 3*h - 33 - g. What are the prime factors of h?
2, 11
Suppose 0*z = -4*z + 84. Let u = 58 - z. List the prime factors of u.
37
Suppose -5*n = 3*w - 0*n - 34, 40 = 5*w + 5*n. Suppose p + 5*j - 10 = 0, w*p - 8 = 4*j + 3. List the prime factors of p.
5
Suppose -3*d + r + 3 = -226, -5*d + 371 = r. List the prime factors of d.
3, 5
Suppose -5*d + 3 + 13 = -3*y, -5*d + 2*y = -19. Suppose -135 = -d*s + 5. What are the prime factors of s?
2, 7
Suppose 6*z - 22 = -4. Suppose -50 = -3*n - 5*k, k + 17 = n + z*k. List the prime factors of n.
3, 5
Let g(t) = -39*t. Let p be -1*-4*1/(-4). List the prime factors of g(p).
3, 13
Let s(p) = 7*p - 5. Let y be s(4). Let j be y - (-2)/4*-4. Let i = j + -14. What are the prime factors of i?
7
Let n(r) = -15*r - 21. What are the prime factors of n(-9)?
2, 3, 19
Suppose 3*y - 16 = 5*o, 4*y - 2 = -2*o - o. Suppose w = y*m - 101, -155 - 95 = -5*m + 2*w. What are the prime factors of m?
2, 3
What are the prime factors of (-1 - -130)*(3 + 28/(-12))?
2, 43
Let g(s) = -s**2 + 3*s. Let k = 15 + -11. Let y be g(k). What are the prime factors of (14/4)/(y/(-8))?
7
Let c = 172 + -50. List the prime factors of c.
2, 61
Suppose -46 = -4*y - 3*c, 2*y - 5*c = -c + 12. Let t(d) = -d**2 + 13*d - 15. What are the prime factors of t(y)?
3, 5
Suppose 4*n - 2 = -3*p, 2*n + 3*p + 1 + 1 = 0. Suppose 0 = n*y - 14. Let t(w) = -w**2 + 10*w - 9. What are the prime factors of t(y)?
2, 3
Suppose -2*h - 64 + 18 = 0. Let x = -14 - h. List the prime factors of x.
3
Let w(t) = t**3 - 10*t**2 + 10*t + 3. Let p be w(9). List the prime factors of 9/p*-2*-12.
2, 3
Suppose 3*v = -16 + 7. Let y = 5 + v. Suppose 2 - 12 = -y*u. List the prime factors of u.
5
Let z(w) = w**2 - 7*w + 6. Let r be z(7). What are the prime factors of ((-18)/(-5))/(r/75)?
3, 5
Suppose 6*j = 3*j + 66. List the prime factors of 0 + 1 + (j - 3).
2, 5
Let d = -3 + 14. List the prime factors of d.
11
Let q(k) = k**3 + 7*k**2 - 2. Let f be q(-5). Suppose 0 = -3*u + 7*u - f. What are the prime factors of u?
2, 3
Let p = -8 + 13. Let t(w) = 4*w + 1. Let d be t(4). Suppose l - 5*f = -d, f = p*l - f - 30. List the prime factors of l.
2
Let u(i) = -4*i - 17. List the prime factors of u(-18).
5, 11
Let b(l) = l**3 - 6*l**2 + 10. Let n be b(5). Let f = n - -30. What are the prime factors of f?
3, 5
List the prime factors of (72/(-10))/(4/(-20)).
2, 3
Let j(r) be the first derivative of -3*r + 1/2*r**2 + 2. List the prime factors of j(5).
2
Suppose -3*w + 3*n = 6, 6*w - 3*n = w. Suppose w*c - 40 = -c. Suppose j - c = -0*j. What are the prime factors of j?
2, 5
Let w(a) = 3*a**2 + 15*a - 3. Let p(k) = -k**2 - 5*k + 1. Let v(d) = -11*p(d) - 4*w(d). Let f be v(-6). Let g = 7 - f. What are the prime factors of g?
2, 3
Suppose -67 = -4*w + 13. Let q(l) = -3*l**2 - 2*l - 2. Let c be q(-2). Let v = c + w. List the prime factors of v.
2, 5
Let r(u) = u**3 - 2*u + 1. List the prime factors of r(2).
5
Let w = 138 + -71. List the prime factors of w.
67
Let p be 1 - -1 - (3 - 4). Let r be 3 + p/3 - 2. Suppose 0 = -0*f - r*f + 8. What are the prime factors of f?
2
Let w(i) = 2*i**2 + 25*i + 15. Let c(s) = -s**2 - 13*s - 7. Let t(o) = 5*c(o) + 3*w(o). Let g be t(-9). Let d = g - -16. List the prime factors of d.
17
Let k(q) = q**2 - 3*q - 4. Let g be k(3). Let u = 1 - g. List the prime factors of u.
5
Let t be (2 + -2)*(4 + -3). What are the prime factors of (t + 2)*(-44)/(-2)?
2, 11
Let w be 128/9 - 12/54. Let y = w + -5. What are the prime factors of y?
3
Suppose 5*a + 2*s = 0, 0 = 5*a - 2*s - 12 - 8. Let v = -1 - a. List the prime factors of 5/(1 + 0/v).
5
Let r be -2 + (6/3 - 10). Let g be ((-8)/(-20))/((-2)/r). Suppose 4*f = 3*b + g*b - 30, -4*b - 12 = 4*f. What are the prime factors of b?
2
Let g(c) = c**2 - 10*c + 10. Let b(a) = a**2 + 5*a + 3. Let x be b(-6). Let y be g(x). Suppose -4*u + y = -23. What are the prime factors of u?
2, 3
Suppose -2*m - 6 = -5*u - 1, -5 = -5*u. Suppose a + 5 = 4*f - m*f, -4*f = 3*a - 33. List the prime factors of a.
7
Let o = 143 + -66. What are the prime factors of o?
7, 11
Let b be (-11 - -1)*(-2)/(-4). Let x(v) be the third derivative of -v**5/60 - v**4/4 + 2*v**3/3 + 7*v**2. What are the prime factors of x(b)?
3
Let o(p) = -p + 7. Let l be -6 - 2 - (-1)/1. Let c be o(l). Let g = -10 + c. List the prime factors of g.
2
Suppose -2*g - 735 = 3*u - 8*u, -313 = -2*u - 3*g. What are the prime factors of u?
149
Let v be 15 + (1 + -3)*1. Let k = 19 - v. Suppose r = 1 + k. List the prime factors of r.
7
Let p(w) = 1. Let q(c) = 4*c + 4. Let l(f) = -2*p(f) + q(f). What are the prime factors of l(3)?
2, 7
Let i(m) = -m**2 - 11*m - 7. Let n be i(-10). Suppose -n*c = -6, 2*w + 2*w + 5*c - 18 = 0. What are the prime factors of 3 - 2/(-4)*w?
2
Let q = 9 + 3. Suppose -f + q = -5*y, 4*f + 0*y + 5*y - 98 = 0. What are the prime factors of f?
2, 11
Let n = -9 + 9. Suppose n = -3*p - 0*p + 87. What are the prime factors of p?
29
Suppose -5*f = -3*n + 1, 5*f - 14 = -4*n - 1. Suppose 2*b - 45 = -n*v + 1, -v = -4*b - 13. List the prime factors of v.
3, 7
Suppose -4*j + 22 = -0*j - 2*m, 3*m = -9. Suppose 7 - 59 = -j*g. List the prime factors of g.
13
Let n = 23 - -8. What are the prime factors of n?
31
Suppose -194 - 2 = -7*h. What are the prime factors of h?
2, 7
Suppose 0*m + 2*m - 20 = -b, -5*b + 4*m = -44. Let d be 137/3 - 8/b. List the prime factors of d/4 + (-3)/(-4).
2, 3
Let b(u) = -21*u. What are the prime factors of b(-2)?
2, 3, 7
Let s(a) be the third derivative of -2/3*a**3 + 1/3*a**4 + a**2 + 0*a + 0 - 1/60*a**5. List the prime factors of s(5).
11
Let l = 7 + -6. Let t be l*6*(-12)/(-18). Suppose -3*u + 27 = -t*g, -2*g - 8 = -2. List the prime factors of u.
5
Let c = 5 + 14. Suppose -2*g + 0*g - 20 = 0. Let w = g + c. List the prime factors of w.
3
Suppose 2*w = 5*s, -w - 15 = -4*w. List the prime factors of s + 0 + 42/3.
2
List the prime factors of ((-194)/8)/(4/(-16)).
97
Let g(m) = m**2 - 12*m + 8. List the prime factors of g(12).
2
Suppose 5*w - 20 = -3*f, 3*f - 10 = -5*w + 2*f. Let n(s) = -s**2 + 2*s + 5. Let b be n(0). What are the prime factors of w/b - (-104)/5?
3, 7
Let v(z) = 11*z - 10. What are the prime factors of v(3)?
23
Let r(x) = -x**3 + 2*x**2 - 3*x - 11. Let u(h) = -2*h**3 + 5*h**2 - 7*h - 22. Let y(p) = -7*r(p) + 3*u(p). List the prime factors of y(0).
11
Let r = -5 + 2. What are the prime factors of (-34)/r + 2/(-6)?
11
Suppose 9*x = -3*i + 4*x + 50, 0 = -4*i + 5*x + 20. Suppose i + 35 = 5*m. List the prime factors of m.
3
Suppose -10*q + 49 = -1711. What are the prime factors of q?
2, 11
Let a(b) = 2*b**2 - 3. Let j be a(3). Suppose -g - 3*g + 20 = 0. Suppose 2*k + j = g*k. What are the prime factors of k?
5
Let j(t) = t**3 + 6*t**2 - 3. Let p be j(-6). Let l be -1 - (p + -1 + -1). Suppose 0 = -2*i - 4*y + 22, -8*y + l*y = 0. What are the prime factors of i?
11
Let l = 166 - 103. What are the prime factors of l?
3, 7
Let w = -10 - -10. Let r = w + 26. What are the prime factors of r?
2, 13
Suppose -7*n + 273 = -4*n. List the prime factors of n.
7, 13
Let n be (-1)/(-5) + 48/(-15). List the prime factors of n/(0 - (-9)/(-12)).
2
Suppose 81 - 16 = 5*f. List the prime factors of f.
13
Let b(g) be the third derivative of -g**6/120 - g**5/6 + g**4/24 + 13*g**3/6 + g**2. What are the prime factors of b(-10)?
3
Suppose 5